 a(u) = -3*u + 9. Let k(r) = 7*a(r) - 2*i(r). What is k(-7)?
6
Let f(b) be the first derivative of -b**4/4 + 7*b**3/3 - b**2/2 + 7*b + 1. Let r(x) = 4*x + 63. Let w be r(-14). Determine f(w).
0
Suppose -3*w - 2 - 4 = -4*z, 2*w + 4 = 4*z. Let l(m) = z*m - 2*m - 3*m - 22*m**2 + 23*m**2. Suppose -15 + 3 = -3*x. What is l(x)?
-4
Let v(f) be the first derivative of f**5/60 + f**4/24 - 2*f**3/3 - 5*f**2/2 - 17. Let z(t) be the second derivative of v(t). Calculate z(3).
8
Suppose -f = -4*r - 24, -44 = 2*f - 7*f + r. Let n(d) = d**2 - 8*d - 6. Determine n(f).
-6
Let l(t) = -2*t**2 - 38. Let p(y) = -3*y**2 - 75. Let r(x) = -5*l(x) + 3*p(x). Calculate r(0).
-35
Let q(k) = -2*k - 5. Let o(n) = -n**3 + 11*n**2 + 14*n - 16. Let g(b) = 1 + 8*b - 11*b - b**2 + 2*b. Let r(z) = -2*g(z) - o(z). Let u be r(10). Determine q(u).
7
Let w(n) = n**3 - 9*n**2 + 11*n - 6. Suppose 4 = -r + 4*o, -8 = -r - 2*o + 6. Calculate w(r).
18
Suppose 69 = 5*v - 31. Suppose -2*y + v = 12. Let j(l) = -l + 3. Determine j(y).
-1
Let v(o) = 12*o - 3. Let w(g) = -15*g + 3. Let i(t) = 6*v(t) + 5*w(t). Let y = -9 + 6. Determine i(y).
6
Let j(p) = p**3 + 21*p**2 - 23*p - 27. Let y be j(-22). Let x(d) = d - 6. Give x(y).
-11
Suppose -3*c = 4*q - 0*q + 302, -3*c = 5*q + 298. Let g = -107 - c. Let d(v) = 16*v + 1. What is d(g)?
-15
Let b(q) = 10*q - 9*q - 4 + 3 - 2*q. Determine b(3).
-4
Let a be 6/12*-3*2. Let z(q) = q**3 + 3*q**2 + 2*q. What is z(a)?
-6
Let f(u) = 2*u**2 - 3*u - 3. Let w(t) = -3*t**2 + 3*t + 3. Let q(m) = -5*f(m) - 4*w(m). Let o(j) = 2*j**2 - 29*j + 12. Let n be o(14). Determine q(n).
5
Let f be (20/(-15))/(4/(-9)). Let j(s) = -1. Let w(u) = 2*u**2 + 6*u + 4 - 3*u**2 + 1 + 0. Let r(d) = -4*j(d) - w(d). Give r(f).
-10
Suppose -17 - 3 = -5*r. Let k(i) = -2*i + 7. Let h(w) = 5*w - 20. Let v(m) = 3*h(m) + 8*k(m). Give v(r).
-8
Let x(k) = -k**3 - k**2 - k - 2. Let d = -2 + -132. Let l = d - -132. Calculate x(l).
4
Let m(u) = -2*u + 10. Let q be m(6). Let o be 24/20*(-5)/q. Let l(g) = 2*g - 4 - 3*g**3 - 2*g + 2*g + 2*g**o + 6*g**2. Calculate l(6).
8
Suppose 20 = 2*p + 4*a, p + 3*a + 6 = 5*a. Suppose 15 = p*j - 19. Let b(m) = -2*m - m - 17 + j. Determine b(3).
-9
Let x(w) = -3*w**2 - 5*w - 4. Let p(k) = -4*k**2 - 6*k - 4. Let g(y) = 4*p(y) - 5*x(y). Let a be -5 + -11 + 11 + 1. Determine g(a).
-16
Let m(j) = 3*j**2 - 9*j**2 - j + 4*j**2 - 1 - 7*j**2. Calculate m(-1).
-9
Let x(f) = -10*f**3 + 4*f**2 - 9*f + 2. Let q(d) = 2*d**3 - d**2 + 2*d. Let m(i) = -3*q(i) - x(i). Give m(2).
32
Let s(b) be the first derivative of b**3/3 + 7*b**2/2 + 4*b + 28. Determine s(-6).
-2
Let v(y) = 2*y**2 - 14*y + 11. Let o be v(10). Let b = 76 - o. Let i(k) = k**3 - 6*k**2 + 7*k - 7. Calculate i(b).
3
Suppose -4*q + 5*j - 19 = 4, 5*q = 5*j - 25. Let n(c) = -66*c + 48. Let z(s) = -7*s + 5. Let d(x) = -5*n(x) + 48*z(x). Calculate d(q).
12
Let u(l) = 2*l**2 - 3*l - 2. Let a(d) = 3*d**3 + 1. Let t be a(1). Suppose 2*k - 9 = i, 4*k = 3*i - t + 21. Let w be 0 + -3*(i + -2). What is u(w)?
7
Let k(h) = -h**3 - 12*h**2 + h + 16. Let o = -347 + 335. What is k(o)?
4
Let q = 665 + -661. Let n(p) = -2*p + 8. Calculate n(q).
0
Let w(q) = -2*q**2 - 30*q + 9. Suppose 4*x = 16, -2*x + 179 = -2*m + 141. Give w(m).
9
Let d(u) = -2*u - 22. Let g(z) = -6*z + 5. Let m be g(3). Let x be d(m). Let n(p) = -6 + 0 + 3 - p. Determine n(x).
-7
Let i(u) be the third derivative of -u**4/24 + 2*u**3 - 67*u**2. Calculate i(6).
6
Let o(v) be the third derivative of 0*v**4 + v**2 - 1/20*v**5 + 0 + 0*v - 1/120*v**6 - 1/6*v**3. Let q = 2 - 5. What is o(q)?
-1
Let d(k) be the first derivative of k**6/60 - k**5/60 - k**4/24 + 29*k**3/3 - 16. Let m(b) be the third derivative of d(b). What is m(-1)?
7
Let q be 12/10*(-4 - -9). Let b be (2/q)/1*0. Let z(a) be the third derivative of -a**6/120 - a**3 + 3*a**2. Determine z(b).
-6
Let v(b) = 5*b**2 - 1. Suppose 0*w + 30 = -2*w. Let g(o) = -o**2 - 14*o + 16. Let c be g(w). What is v(c)?
4
Let k(u) = u**2 - 5*u. Let x be 1 + 11 - (-3 - -4). Suppose 12 = -7*j + 47. Suppose -x*w = -10*w - j. Determine k(w).
0
Let b = 1062 - 1057. Let v(y) = -y**3 - 4*y + 4*y**2 - 5 + 10*y + 0*y**3. Calculate v(b).
0
Let g(w) = w**2 - 15*w - 4. Let p be g(15). Let u(l) = -l**3 - 3*l**2 + 6*l + 2. Determine u(p).
-6
Let c(m) = -3*m. Let l(z) be the first derivative of z**2/2 + 7*z + 5. Let x be l(-4). Calculate c(x).
-9
Let y(l) be the first derivative of 15*l**2 + 2*l - 405. Determine y(1).
32
Let c(m) = 2*m**2 - 10*m + 2. Let j be c(7). Suppose -j = -5*k - 5*h, 2*k = -k + 4*h - 17. Let q(a) = a**2 + 3*a + 2*a - 3*a + k. Calculate q(-1).
0
Let f(i) = -5*i + 6. Let l(d) = 9*d - 11. Let s(o) = -11*f(o) - 6*l(o). Let q be s(2). Let j(y) = -79*y**2 - y**3 + 79*y**q. Determine j(0).
0
Let a be ((-24)/60)/((-2)/(-30)). Suppose -n - 7 = -o, -2*o + 0*o - n + 8 = 0. Let p(z) = z - 1. Let v(l) = -8*l + 4. Let s(h) = o*p(h) + v(h). Determine s(a).
17
Let i(g) = -g + 5. Let n = -2540 - -2540. Give i(n).
5
Let o(k) = -2*k + 19. Let u be (-4)/((-18)/(-12) + -2). Calculate o(u).
3
Let f(g) = -g**2 - 6*g + 9. Let z = -27 + 20. Give f(z).
2
Let l(z) = -2*z**2 - 2*z - 1. Suppose -264 = 15*r + 9*r. Let y(g) be the first derivative of 2*g**3/3 + 21*g**2/2 - 13*g - 1. Let i be y(r). What is l(i)?
-5
Let a(q) = 1 - 2 - 5 - q. Let v(y) = -2*y**2 - 2*y + 8. Let h be v(2). Determine a(h).
-2
Let o(a) = 3*a - 2. Suppose k - 2*m = -12, 0*k + 39 = -4*k + 5*m. Let v(n) = -16*n + 11. Let p(s) = k*v(s) - 33*o(s). Give p(1).
-3
Let j(d) = -d - 14. Let l be j(-10). Let f(o) be the third derivative of o**6/120 + o**5/20 - o**4/24 - o**3/2 - 2*o**2 + 244*o. Give f(l).
-15
Let x = -1089 + 1089. Let n(o) = -6*o. Determine n(x).
0
Let m = -61 + 86. Suppose m = -a + 22. Let l(q) = q**2 - q - 2. Give l(a).
10
Let i = -44 - -39. Let u(k) = -5*k + 13. Let c(f) = 3*f - 9. Let y(j) = i*u(j) - 8*c(j). Let m be (6/8)/(1/(-8)). Give y(m).
1
Let p(u) = -u**2 + 4*u + 2. Suppose 0 = -4*j + 2*k - 34, -4*j - 3*k - 38 = 11. Let y = -4 - j. Let r be y - ((-3 - -3) + 1). Determine p(r).
-3
Let s(h) = -13*h**3 - h**2 + 3*h - 1. Let n be s(1). Let b = -8 - n. Let r(q) = -2*q**2 + 7*q - 5. Determine r(b).
-9
Let x(q) be the first derivative of q**4/4 + 2*q**3 + 8*q - 10. Calculate x(-6).
8
Let h(y) = y**3 + 5*y**2 + 5*y + 5. Let a(f) = -f**2 + 5*f + 9. Let z be a(-2). What is h(z)?
-20
Suppose -547 + 521 = 2*i. Let h(g) = -g**2 - 12*g + 13. Give h(i).
0
Let q(c) = -c**2 - c + 9. Let l(d) = 2*d**2 + 2*d - 20. Let z(k) = 4*l(k) + 9*q(k). What is z(0)?
1
Suppose 0 = -4*r - 3*m - 425, -186 + 601 = -4*r - 5*m. Let g = 109 + r. Let s(q) = -8*q - 2. What is s(g)?
6
Let a(t) be the first derivative of t**3/3 - 5*t**2 + 9*t + 1. Suppose -z + 235 = 226. Give a(z).
0
Let x(g) = -g + 2*g - 1 + 0*g. Let s(y) = -y**3 - y**2 + 6*y - 10. Let t be (-7 - 105/(-14))*-2 - -7. Let m(b) = t*x(b) - s(b). What is m(0)?
4
Let d(v) = -v + 1. Let o be d(6). Let r(f) = -4*f**2 - 75 + 80 - 4*f**2 + 6*f**2 + 7*f + 3*f**2. Calculate r(o).
-5
Let x(o) = 3*o + 23. Let u(s) = -5*s**2 + 11*s + 10. Let i be u(-1). Calculate x(i).
5
Let r(m) be the first derivative of 1/3*m**3 + 9*m + 7 - 7/2*m**2. Determine r(6).
3
Let a(j) be the third derivative of j**6/120 - j**5/15 + j**4/24 - j**3/3 - 35*j**2. Let u(p) = -p + 10. Suppose o = 2*o - 8. Let i be u(o). Determine a(i).
-8
Let l be (3 + 1)/(1 - -1). Suppose -9 = -f - 8. Let g(m) = 2 - 2*m - f - l + m. Determine g(-1).
0
Let t be (-8 - -8) + 0 + 2. Let v(f) be the second derivative of f + 0 - 13/2*f**t + 1/6*f**3 - 1/20*f**5 + 0*f**4. Determine v(0).
-13
Let b(q) = 2*q + 3*q - 4*q + 4. Suppose 2*o + 1 = -11. Give b(o).
-2
Let k(p) = 2*p + 7. Let z be -2 + (0 - -14) + 0. Let u be z/(-7)*42/(-4). Let i be 6/u - (-32)/(-6). Give k(i).
-3
Let j(i) = -19*i**2 - 2*i - 1. Let f = -6 + 5. Give j(f).
-18
Let r(n) = 4*n**3 - 4*n**2 + 3*n + 10. Let j(x) = x**3 - x**2 + x + 3. Let i(t) = -3*j(t) + r(t). Give i(1).
1
Let d(m) = 2*m - 5. Let g(f) = -3*f + 5. Suppose -2*r - 43 = 5*a, r = a - 5 + 8. Let q(c) = a*d(c) - 6*g(c). Let j = -5 + 1. What is q(j)?
-11
Let t(h) = -h - 2. Let y(s) = -3*s - 5. Let o(m) = 7*t(m) - 2*y(m). What is o(-5)?
1
Let r(g) be the first derivative of -g**5/120 - g**3/3 + 2. Let q(o) be the third derivative of r(o). Suppose 2*c = -2*n - 14, 0*n - 